**5/20 + t**4/3 - t**3/3 - 5*t**2/2 + 33*t. Let s be 2/(-2) + 7 + -10. Give a(s).
3
Let y be -1 - 1 - 2 - 2. Let r(w) be the third derivative of w**6/120 + w**5/10 - w**4/8 - 7*w**3/6 + w**2 + 6. Calculate r(y).
11
Let j = 22 + -22. Suppose 6*r - 9*r = j. Let o(s) = s - 5 - 2*s + 2 + r*s. Calculate o(-8).
5
Let d(w) = -w**3 - 2*w**2 + w - 1. Let b be d(-3). Suppose -g - 5 = -b*u + g, 3*g + 15 = 0. Let z(v) = 3*v**3 - v. Give z(u).
-2
Let l(x) = 10*x**3 - 2*x + 1. Let n be 86/(-387) - 38/(-9) - 3. Determine l(n).
9
Let c be (3 - (-24)/2)/(-1). Let x = c - -20. Suppose 0 = x*f - 0 - 15. Let u(z) = z**3 - 5*z**2 + 3*z - 3. What is u(f)?
-12
Let m(d) = d**2 + d + 3. Suppose -5*j = -2*w + 8, -j - 4 = w - 1. Let s(y) = 3*y + 6. Let n be s(j). Determine m(n).
3
Suppose -t = 0, -195 = -5*m - 4*t + t. Let v(z) = -9*z - 47 - z**2 - m + 85. Calculate v(-8).
7
Let a(g) = -g**2 + 1. Let j(u) = -2*u**2 + 4*u. Let x(m) = -3*a(m) + j(m). Let c(l) = -3 + 0 - 3*l**2 + 6 + 2*l**2. Let h be c(3). Determine x(h).
9
Let d(o) be the first derivative of -2*o**3/3 + o**2/2 - 21*o - 2. Let p(u) be the first derivative of d(u). Determine p(3).
-11
Let f(s) = 11*s**2 + s + 10. Let c(z) = 9*z**2 + z + 9. Let r(i) = 6*c(i) - 5*f(i). What is r(-3)?
-8
Let z(y) = -y**3 + y**2 - 8. Suppose 3*u - 5 = 5*r + 8*u, -5*r + 4 = 2*u. Suppose 0 = 5*k - 2 + r. Determine z(k).
-8
Let u be 5/15*1*48. Let m = -31 + u. Let x be m/5 + -2 + 3. Let g(f) = f**2 + 6*f + 3. Give g(x).
-5
Let i = 28 + -43. Let h(a) = -a**2 + 3*a + 10. Let b be h(7). Let l = i - b. Let t(w) = -2*w + 2. Determine t(l).
-4
Let t be 86/602 - 1/7. Let y(f) = -f**3 + f**2 + 10. Calculate y(t).
10
Let i(q) be the third derivative of q**4/24 + q**3/6 - 2*q**2. Let j(d) = 8*d + 9. Let n(a) = 5*i(a) - j(a). Let z be 20/(-110) + (-105)/(-33). Give n(z).
-13
Let d(q) = q**2 + 4*q + 3. Suppose -29*g - 162 = -2*g. Calculate d(g).
15
Let i(k) be the third derivative of k**2 + 0*k - 1/3*k**4 + k**3 + 0 + 1/60*k**5. What is i(6)?
-6
Let x = 317 + -308. Let a(k) = 2*k**2 - 22*k + 30. What is a(x)?
-6
Let c be (-42)/(-18) + 4/6. Suppose -2*n + 16 = 3*r, -14 = n - 5*n + c*r. Suppose -n*p + 4 = -d, d - 5 = -4*d. Let z(f) = -4*f**3 + 2*f**2 - f. Calculate z(p).
-3
Suppose 2*f + 20 = -4*u, 0 = -3*f - 2*f + 4*u - 8. Let a(r) = -3 + 88205*r - 88204*r + 6. What is a(f)?
-1
Let q(d) be the first derivative of -d**2/2 + 5*d - 8. Let g be (-1 - 81/(-36))/((-1)/(-8)). Calculate q(g).
-5
Let w(r) = r**2 - 11*r + 33. Let u be w(6). Let d(g) be the first derivative of -4 + 0*g + 2/3*g**3 - u*g**2. What is d(4)?
8
Let r(h) = h**3 - 33*h**2 + 63*h - 34. Let o be r(31). Let v(d) = -d**3 - 8*d**2 - 3*d + 1. Give v(o).
-35
Let l(u) be the first derivative of -u**2/2 + 2*u + 1. Let p(g) = 4*g**2 + 2*g - 1. Let o(s) = -s**2 - 9*s + 1. Let m be o(-9). Let z be p(m). Give l(z).
-3
Let h = 410 - 416. Let v(z) = z**3 + 6*z**2 + z + 3. Calculate v(h).
-3
Let l = -9 + 16. Let f(u) = 3*u**3 + 7*u**2 - 14*u + 6. Let n(h) = -8*h**3 - 21*h**2 + 39*h - 19. Let z(o) = -11*f(o) - 4*n(o). Calculate z(l).
-4
Let y = -2 + -9. Let q = 9 + y. Let c be q + (-1 - (-8)/2). Let j(f) = -9*f - 1. Give j(c).
-10
Suppose -4*n + 15 = n. Let s(f) = 5*f**2 - 2*f. Let o(j) = -6*j**2 + 4*j - 2. Let q(z) = -o(z) - s(z). Give q(n).
5
Let n(f) = -127*f**3 + 12*f**2 + 27 - 129*f**3 - 27*f + 53*f + 255*f**3. Determine n(14).
-1
Let d(y) be the third derivative of y**4/24 + 5*y**3/2 - 70*y**2. Calculate d(-13).
2
Suppose -3*g - 1 = -4*g. Let f(a) = a - 1. Let k be f(3). Let s(w) = -2*w**2 + 2*w**2 - w**k. Give s(g).
-1
Let k(v) = 308 - 5*v - 173 - 155. Give k(-5).
5
Let h(d) = -d - 8. Suppose 0 = 12*j + 35*j. What is h(j)?
-8
Let c(k) = -12 - 4*k + 1 - k**3 + 8 + k + k - k**2. Give c(-2).
5
Let t(z) = z**2 + 4*z - 7. Let j(o) = -o**2 - 4*o + 5. Let k(r) = -2*j(r) - 3*t(r). What is k(-8)?
-21
Let l(r) = 2*r + 2*r - 9 - 8 + r + 10. Give l(7).
28
Let c(l) = -l - 5. Let x be c(-4). Let t(u) = -71*u**2 + 158*u**2 - u - 82*u**2. Give t(x).
6
Let t(r) be the first derivative of -r**5/60 + r**3/2 - 21*r**2/2 + 7. Let g(i) be the second derivative of t(i). Determine g(-3).
-6
Let m = 97 + -73. Suppose 19*t - 10 = m*t. Let x(b) be the first derivative of -b**3 - b**2/2 + 2*b + 1. Calculate x(t).
-8
Let u(c) = -2*c - 5. Let o(m) = 5*m**3 - m**2 + m + 1. Let d = 6 - 1. Suppose 7 = f + 2*f + 5*a, 9 = -d*f + 2*a. Let y be o(f). What is u(y)?
7
Let k(a) = 44*a**3 + a**2 - 1. Suppose 37*q + 6 - 43 = 0. Determine k(q).
44
Let w(q) = -10 - 8*q - 2 + 2 - q**2 + 15 - q. Give w(-9).
5
Suppose 3*z + z = -12, -4*l = 5*z + 7. Let y be l*((-26)/22 - (-12)/66). Let v(j) be the second derivative of j**3/6 + j**2 + j. Give v(y).
0
Let i(g) be the first derivative of -2*g**2 - 4*g - 2. Suppose 3*b - 11 = x - 12, 5*x - b - 19 = 0. What is i(x)?
-20
Let d be 1*4*(-14)/8. Let a be 9/(-12) - d/4. Let z(r) = -a - 3*r**2 + 2*r**3 - 5*r - r**3 + 7*r. Give z(3).
5
Let w(b) = 10*b + 9*b**2 - b**2 - 2*b**2 + b**2 - 6*b**2 + 10. Give w(-11).
21
Let w(r) be the first derivative of -1/4*r**4 - 1/2*r**2 + 5/3*r**3 - 6 + 2*r. Determine w(5).
-3
Suppose 6 = -4*m - 2*m. Let c(w) = w. Let k(l) = l. Let y(q) = m*c(q) + 6*k(q). Give y(2).
10
Let n(f) = -2*f - 10. Let q be n(0). Let j = q - -12. Let b(g) = -1 + 0*g**2 + 0*g + 2*g + 11*g**3 - 3*g**2 + g**j. Calculate b(1).
10
Suppose 3*i - i - 8 = 0, 2*i - 8 = -2*b. Let q(s) = 4*s + b*s + 36 - 35. Let d(a) = a - 7. Let h be d(5). Calculate q(h).
-7
Let x(s) = 5*s**3 + 25*s**2 + 25*s + 49. Let q(o) = -o**3 - 6*o**2 - 6*o - 12. Let y(d) = -9*q(d) - 2*x(d). Calculate y(5).
5
Let y(k) be the second derivative of 2*k**3/3 - 2*k**2 - 25*k. Let a be (-5)/2*(-16)/10. Determine y(a).
12
Let u(d) = -d - 2*d + 1 + 14. Let y(o) = -o + 5. Let x(b) = 6*u(b) - 17*y(b). Calculate x(4).
1
Let z(g) = g - 29. Suppose 0 = 1577*y - 1581*y + 64. Calculate z(y).
-13
Let m(u) = -44*u**2 + 11*u + 3 + 50*u**2 - 7*u. What is m(-2)?
19
Suppose 0 = -30*c + 27*c + 9. Let w(n) = -6*n - c + 0*n + 3*n + n. Determine w(-3).
3
Let o(g) be the second derivative of g**5/20 - 5*g**4/4 + 9*g**2/2 + 4*g - 56. Give o(15).
9
Let c(y) = -2*y + 3. Let w = 0 - -2. Let x(g) = g**3 - g**2 - g + 2. Let s be x(w). What is c(s)?
-5
Let x(q) = -2*q**3 + 163*q**2 - 85*q + 321. Let d be x(81). Let k(a) = -a**3 - 4*a**2 + a + 6. Give k(d).
-6
Let d be ((-3)/2)/(2/4). Suppose 4*m - 40 = -0*m. Let u(w) = -m*w - w**2 + 4 + 8*w + 2*w**2 - 2*w**2. Calculate u(d).
1
Let d(b) be the first derivative of b**4/12 + b**3 + 7*b**2/2 - b - 31. Let p(a) be the first derivative of d(a). Calculate p(-6).
7
Let t(i) = 3 - 2*i + 6*i**2 - 1 + 3 + 9*i**2. Let b(m) = -7*m**2 + m - 2. Let c(x) = -13*b(x) - 6*t(x). What is c(0)?
-4
Let n(u) = -u**3 + u**2 - u + 1. Let z(t) = 3*t**3 + 2*t - 2. Let w be ((-4)/(-6))/((-28)/(-126)). Let c = -7 + w. Let r(m) = c*n(m) - z(m). Give r(2).
-6
Let y(k) = -k**3 + 4*k**2 + 9*k - 8. Suppose -48*h - 102 + 390 = 0. What is y(h)?
-26
Suppose 209*n - 102 = 203*n. Let i(b) = -b + 20. Calculate i(n).
3
Let a(f) = -1 + 2*f - 1 - 4. Let c be a(4). Let q(g) = -6*g + 6*g + 2 + 5*g - 9*g**2 + 10*g**c. Give q(-3).
-4
Let p(b) = 5*b + 2. Let q(l) = 3*l - 2. Let i = 13 - 8. Let z be q(i). Let w = z + -15. What is p(w)?
-8
Suppose -35 = -3*m - a + 3*a, 0 = 4*m - 2*a - 50. Suppose 5*w + 5 + 12 = -4*h, 5*h + m = 0. Let z(g) = 3*g**2 - g. Calculate z(w).
4
Let k(t) = -t**3 - 11*t**2 - 7*t + 5. Let w(l) = l**3 + 3*l**2 - 21*l + 39. Let i be w(-7). Determine k(i).
-25
Let t(j) = -j**2 + 6. Suppose 154 - 172 = -3*s. Calculate t(s).
-30
Let j = -32 + 32. Suppose j = -4*f + 20 + 16. Let k(p) = -p**2 + 12*p - 5. Let w(u) = -2*u**2 + 25*u - 11. Let y(o) = 7*k(o) - 3*w(o). Give y(f).
-2
Let m be 2/(-4) - 493/(-34). Suppose -5*z - m = 2*z. Let j(f) = f**2 + f - 1. Let i(x) = -2*x**3 + x**2 + 3*x - 6. Let h(w) = -i(w) + 4*j(w). Give h(z).
-4
Let x be (-28)/98 + (-380)/(-7). Suppose -y - 3 = 5*q, -2*q + 0*q + x = 5*y. Suppose 0 = 5*j - y + 37. Let w(k) = k + 3. Calculate w(j).
-2
Let t(n) be the first derivative of n**6/180 - n**5/40 - n**4/12 + n**3/3 + 11. Let u(h) be the third derivative of t(h). Give u(3).
7
Suppose -4*s + 3*s + 5 = 0. Suppose 4 = 9*b - 5*b. Let k(f) = -f**3 + 4*f**2 + 3*f + 4. Let z(j) = j. Let t(p) = b*k(p) + 2*z(p). Give t(s).